{"id":828,"date":"2020-12-14T06:57:41","date_gmt":"2020-12-14T06:57:41","guid":{"rendered":"https:\/\/psicologiavial.com\/?post_type=product&#038;p=828"},"modified":"2020-12-14T07:55:53","modified_gmt":"2020-12-14T07:55:53","slug":"08-03-2020-i-mobility-race","status":"publish","type":"product","link":"https:\/\/psicologiavial.com\/index.php\/product\/08-03-2020-i-mobility-race\/","title":{"rendered":"08\/03\/2020 : I Mobility Race"},"content":{"rendered":"<h1><strong>X CARRERA DEL TALLER<\/strong><\/h1>\n<h5><strong>POR LA MOVILIDAD SOSTENIBLE Y SEGURA<\/strong><\/h5>\n<p><strong>\u00a1<\/strong><strong>Tienes derecho a una Movilidad Sostenible y Segura! Que minimice el impacto ambiental y garantice tu seguridad al desplazarte. En patinete, metro, autob\u00fas o coche. \u00a1T\u00fa eliges! Pero\u2026 si optas por el coche, siempre en perfecto estado de mantenimiento. Por la Movilidad Sostenible y Segura, por la cultura del Mantenimiento Responsable del veh\u00edculo. Es la Mobility Race: X Carrera del Taller. \u00a1Esta vez en la Casa de Campo!<\/strong><\/p>\n<h3><strong>\u00a1No faltes a su 10\u00ba Aniversario!<\/strong><\/h3>\n<h2>Datos b\u00e1sicos<\/h2>\n<ul>\n<li><strong>Cu\u00e1ndo:\u00a0<\/strong>Desde el domingo, 8 de marzo de 2020 a las 9:30 hasta el domingo, 8 de marzo de 2020 a las 14:00<\/li>\n<li><strong>Lugar:\u00a0<\/strong>CASA DE CAMPO, MADRID<\/li>\n<li><strong>Poblaci\u00f3n:\u00a0<\/strong>MADRID<\/li>\n<li><strong>Provincia:\u00a0<\/strong>Madrid<\/li>\n<li><strong>Fechas de inscripci\u00f3n:\u00a0<\/strong>Del 07\/01\/2020 a las 0:00 al 03\/03\/2020 a las 23:59<\/li>\n<\/ul>\n<h2>Tarifas<\/h2>\n<h5>CARRERA DE 15KM<\/h5>\n<p>Fecha hasta 03\/03\/2020 23:59<\/p>\n<p><strong>15<\/strong><strong>,60<\/strong><\/p>\n<h5>CARRERA DE 10KM<\/h5>\n<p>Fecha hasta 03\/03\/2020 23:59<\/p>\n<p><strong>10<\/strong><strong>,60<\/strong><\/p>\n<p><strong>La X Carrera del Taller es miembro de la\u00a0<\/strong><strong>MAPOMA RUNNING LEAGUE by AS, una liga de running en la que todos los corredores, aficionados o profesionales, podr\u00e1n disfrutar de su pasi\u00f3n y compartirla como nunca antes. Adem\u00e1s, es prueba preparatoria oficial\u00a0del\u00a0EDP\u00a0Rock \u2018n\u2019 Roll Madrid Marat\u00f3n<\/strong><strong>\u00a0&amp;\u00a0<\/strong><strong>media.<\/strong><\/p>\n<p><a href=\"https:\/\/carreradeltaller.com\/\">https:\/\/carreradeltaller.com\/<\/a><\/p>\n<p><strong>\u00bfYa est\u00e1s preparando para la Mobility Race: X Carrera del Taller?<br \/>\n\u00a1Genial! La fecha es el 8 de marzo de 2020. Puedes inscribirte haciendo\u00a0<\/strong><a href=\"https:\/\/www.rockthesport.com\/es\/evento\/carrera-del-taller-2020\"><strong>click aqu\u00ed<\/strong><\/a><strong>.<\/strong> <a href=\"https:\/\/www.rockthesport.com\/es\/evento\/carrera-del-taller-2020\">https:\/\/www.rockthesport.com\/es\/evento\/carrera-del-taller-2020<\/a><\/p>\n<p><img loading=\"lazy\" class=\"alignnone  wp-image-875\" src=\"https:\/\/psicologiavial.com\/wp-content\/uploads\/2020\/12\/2-EVENTO-5-race.jpg\" alt=\"\" width=\"509\" height=\"340\" srcset=\"https:\/\/psicologiavial.com\/wp-content\/uploads\/2020\/12\/2-EVENTO-5-race.jpg 2048w, https:\/\/psicologiavial.com\/wp-content\/uploads\/2020\/12\/2-EVENTO-5-race-300x200.jpg 300w, https:\/\/psicologiavial.com\/wp-content\/uploads\/2020\/12\/2-EVENTO-5-race-1024x684.jpg 1024w, https:\/\/psicologiavial.com\/wp-content\/uploads\/2020\/12\/2-EVENTO-5-race-768x513.jpg 768w, https:\/\/psicologiavial.com\/wp-content\/uploads\/2020\/12\/2-EVENTO-5-race-1536x1025.jpg 1536w, https:\/\/psicologiavial.com\/wp-content\/uploads\/2020\/12\/2-EVENTO-5-race-600x400.jpg 600w\" sizes=\"(max-width: 509px) 100vw, 509px\" \/> <img loading=\"lazy\" class=\"alignnone  wp-image-876\" src=\"https:\/\/psicologiavial.com\/wp-content\/uploads\/2020\/12\/3-EVENTO-5-race.jpg\" alt=\"\" width=\"415\" height=\"311\" srcset=\"https:\/\/psicologiavial.com\/wp-content\/uploads\/2020\/12\/3-EVENTO-5-race.jpg 1368w, https:\/\/psicologiavial.com\/wp-content\/uploads\/2020\/12\/3-EVENTO-5-race-300x225.jpg 300w, https:\/\/psicologiavial.com\/wp-content\/uploads\/2020\/12\/3-EVENTO-5-race-1024x768.jpg 1024w, https:\/\/psicologiavial.com\/wp-content\/uploads\/2020\/12\/3-EVENTO-5-race-768x576.jpg 768w, https:\/\/psicologiavial.com\/wp-content\/uploads\/2020\/12\/3-EVENTO-5-race-600x450.jpg 600w\" sizes=\"(max-width: 415px) 100vw, 415px\" \/> <img loading=\"lazy\" class=\"alignnone  wp-image-877\" src=\"https:\/\/psicologiavial.com\/wp-content\/uploads\/2020\/12\/4-EVENTO-5-race.jpg\" alt=\"\" width=\"595\" height=\"397\" srcset=\"https:\/\/psicologiavial.com\/wp-content\/uploads\/2020\/12\/4-EVENTO-5-race.jpg 2048w, https:\/\/psicologiavial.com\/wp-content\/uploads\/2020\/12\/4-EVENTO-5-race-300x200.jpg 300w, https:\/\/psicologiavial.com\/wp-content\/uploads\/2020\/12\/4-EVENTO-5-race-1024x684.jpg 1024w, https:\/\/psicologiavial.com\/wp-content\/uploads\/2020\/12\/4-EVENTO-5-race-768x513.jpg 768w, https:\/\/psicologiavial.com\/wp-content\/uploads\/2020\/12\/4-EVENTO-5-race-1536x1025.jpg 1536w, https:\/\/psicologiavial.com\/wp-content\/uploads\/2020\/12\/4-EVENTO-5-race-600x400.jpg 600w\" sizes=\"(max-width: 595px) 100vw, 595px\" \/><\/p>\n","protected":false},"excerpt":{"rendered":"<div>\n<p><span style=\"color: #000000; font-family: Montserrat;\"><strong>Fecha<br \/>\n<\/strong><\/span>16 noviembre 2020<br \/>\n11:00 PM<\/p>\n<p><strong style=\"color: #000000; font-family: Montserrat;\">Lugar<br \/>\n<\/strong>Plaza de Santa Ana, Madrid<\/p>\n<\/div>\n","protected":false},"featured_media":873,"template":"","meta":[],"yoast_head":"<!-- This site is optimized with the Yoast SEO plugin v15.2.1 - https:\/\/yoast.com\/wordpress\/plugins\/seo\/ -->\n<title>08\/03\/2020 : I Mobility Race - Psicolog\u00eda vial<\/title>\n<meta name=\"robots\" content=\"index, follow, max-snippet:-1, max-image-preview:large, max-video-preview:-1\" \/>\n<link rel=\"canonical\" href=\"https:\/\/psicologiavial.com\/index.php\/product\/08-03-2020-i-mobility-race\/\" \/>\n<meta property=\"og:locale\" content=\"es_ES\" \/>\n<meta property=\"og:type\" content=\"article\" \/>\n<meta property=\"og:title\" content=\"08\/03\/2020 : I Mobility Race - Psicolog\u00eda vial\" \/>\n<meta property=\"og:description\" content=\"Fecha 16 noviembre 2020 11:00 PM  Lugar Plaza de Santa Ana, Madrid\" \/>\n<meta property=\"og:url\" content=\"https:\/\/psicologiavial.com\/index.php\/product\/08-03-2020-i-mobility-race\/\" \/>\n<meta property=\"og:site_name\" content=\"Psicolog\u00eda vial\" \/>\n<meta property=\"article:modified_time\" content=\"2020-12-14T07:55:53+00:00\" \/>\n<meta property=\"og:image\" content=\"https:\/\/psicologiavial.com\/wp-content\/uploads\/2020\/12\/1-EVENTO-5-race.jpg\" \/>\n\t<meta property=\"og:image:width\" content=\"2560\" \/>\n\t<meta property=\"og:image:height\" content=\"1709\" \/>\n<meta name=\"twitter:card\" content=\"summary_large_image\" \/>\n<meta name=\"twitter:label1\" content=\"Escrito por\">\n\t<meta name=\"twitter:data1\" content=\"admin\">\n\t<meta name=\"twitter:label2\" content=\"Tiempo de lectura\">\n\t<meta name=\"twitter:data2\" content=\"1 minuto\">\n<script type=\"application\/ld+json\" class=\"yoast-schema-graph\">{\"@context\":\"https:\/\/schema.org\",\"@graph\":[{\"@type\":\"WebSite\",\"@id\":\"http:\/\/psicologiavial.com\/#website\",\"url\":\"http:\/\/psicologiavial.com\/\",\"name\":\"Psicolog\\u00eda vial\",\"description\":\"Conduce con Psicolog\\u00eda Vial\",\"potentialAction\":[{\"@type\":\"SearchAction\",\"target\":\"http:\/\/psicologiavial.com\/?s={search_term_string}\",\"query-input\":\"required name=search_term_string\"}],\"inLanguage\":\"es\"},{\"@type\":\"ImageObject\",\"@id\":\"https:\/\/psicologiavial.com\/index.php\/product\/08-03-2020-i-mobility-race\/#primaryimage\",\"inLanguage\":\"es\",\"url\":\"https:\/\/psicologiavial.com\/wp-content\/uploads\/2020\/12\/1-EVENTO-5-race.jpg\",\"width\":2560,\"height\":1709},{\"@type\":\"WebPage\",\"@id\":\"https:\/\/psicologiavial.com\/index.php\/product\/08-03-2020-i-mobility-race\/#webpage\",\"url\":\"https:\/\/psicologiavial.com\/index.php\/product\/08-03-2020-i-mobility-race\/\",\"name\":\"08\/03\/2020 : I Mobility Race - Psicolog\\u00eda vial\",\"isPartOf\":{\"@id\":\"http:\/\/psicologiavial.com\/#website\"},\"primaryImageOfPage\":{\"@id\":\"https:\/\/psicologiavial.com\/index.php\/product\/08-03-2020-i-mobility-race\/#primaryimage\"},\"datePublished\":\"2020-12-14T06:57:41+00:00\",\"dateModified\":\"2020-12-14T07:55:53+00:00\",\"inLanguage\":\"es\",\"potentialAction\":[{\"@type\":\"ReadAction\",\"target\":[\"https:\/\/psicologiavial.com\/index.php\/product\/08-03-2020-i-mobility-race\/\"]}]}]}<\/script>\n<!-- \/ Yoast SEO plugin. -->","_links":{"self":[{"href":"https:\/\/psicologiavial.com\/index.php\/wp-json\/wp\/v2\/product\/828"}],"collection":[{"href":"https:\/\/psicologiavial.com\/index.php\/wp-json\/wp\/v2\/product"}],"about":[{"href":"https:\/\/psicologiavial.com\/index.php\/wp-json\/wp\/v2\/types\/product"}],"wp:featuredmedia":[{"embeddable":true,"href":"https:\/\/psicologiavial.com\/index.php\/wp-json\/wp\/v2\/media\/873"}],"wp:attachment":[{"href":"https:\/\/psicologiavial.com\/index.php\/wp-json\/wp\/v2\/media?parent=828"}],"curies":[{"name":"wp","href":"https:\/\/api.w.org\/{rel}","templated":true}]}}