{"id":811,"date":"2020-12-14T06:22:15","date_gmt":"2020-12-14T06:22:15","guid":{"rendered":"https:\/\/psicologiavial.com\/?post_type=product&#038;p=811"},"modified":"2020-12-14T07:39:57","modified_gmt":"2020-12-14T07:39:57","slug":"05-11-2019-xiv-foro-contra-la-violencia-vial","status":"publish","type":"product","link":"https:\/\/psicologiavial.com\/index.php\/product\/05-11-2019-xiv-foro-contra-la-violencia-vial\/","title":{"rendered":"05\/11\/2019: XIV Foro Contra la Violencia Vial"},"content":{"rendered":"<p><strong>MOVILIDAD DE LAS PERSONAS MAYORES: FACTORES CLAVES DE CAUSALIDAD Y MECANISMOS DE PREVENCI\u00d3N<\/strong><\/p>\n<p>Martes 5 de noviembre de 2019, sal\u00f3n de actos del IMSERSO de Madrid. Avda. Ilustraci\u00f3n S\/N.<\/p>\n<p><strong>CALIDAD DE VIDA ES movilidad y autonom\u00eda<\/strong><strong>.<\/strong><\/p>\n<p>Debido al desarrollo urban\u00edstico y poblacional de las ciudades nuestros mayores encuentran muchas dificultades a la hora de salir a la calle; excesivo tr\u00e1fico, conductores intolerantes, aceras en mal estado, barreras arquitect\u00f3nicas, etc. A todo esto, si sumamos las dificultades funcionales que se derivan del propio proceso de envejecimiento: la lentitud en los reflejos, la menor movilidad y la disminuci\u00f3n de la agudeza visual y auditiva, hacen que en edades avanzadas seamos m\u00e1s susceptibles de sufrir un siniestro en las v\u00edas y que, en caso de ocurrir, las consecuencias sean de mayor gravedad.<\/p>\n<p>Con el fin de promover el envejecimiento activo y seguro, convocamos el XIV FORO CONTRA LA VIOLENCIA VIAL para abrir el debate sobre la movilidad inclusiva de las personas mayores como peatones y\/o conductores porque ENVEJECER ES SIGNO DE VIDA.<\/p>\n<p><img loading=\"lazy\" class=\"alignnone wp-image-847\" src=\"https:\/\/psicologiavial.com\/wp-content\/uploads\/2020\/12\/11-evento-stop-acc.jpg\" alt=\"\" width=\"287\" height=\"383\" srcset=\"https:\/\/psicologiavial.com\/wp-content\/uploads\/2020\/12\/11-evento-stop-acc.jpg 1536w, https:\/\/psicologiavial.com\/wp-content\/uploads\/2020\/12\/11-evento-stop-acc-225x300.jpg 225w, https:\/\/psicologiavial.com\/wp-content\/uploads\/2020\/12\/11-evento-stop-acc-768x1024.jpg 768w, https:\/\/psicologiavial.com\/wp-content\/uploads\/2020\/12\/11-evento-stop-acc-1152x1536.jpg 1152w, https:\/\/psicologiavial.com\/wp-content\/uploads\/2020\/12\/11-evento-stop-acc-600x800.jpg 600w\" sizes=\"(max-width: 287px) 100vw, 287px\" \/> <img loading=\"lazy\" class=\"alignnone wp-image-848\" src=\"https:\/\/psicologiavial.com\/wp-content\/uploads\/2020\/12\/5evento-stop-acc.jpeg\" alt=\"\" width=\"509\" height=\"382\" srcset=\"https:\/\/psicologiavial.com\/wp-content\/uploads\/2020\/12\/5evento-stop-acc.jpeg 1024w, https:\/\/psicologiavial.com\/wp-content\/uploads\/2020\/12\/5evento-stop-acc-300x225.jpeg 300w, https:\/\/psicologiavial.com\/wp-content\/uploads\/2020\/12\/5evento-stop-acc-768x576.jpeg 768w, https:\/\/psicologiavial.com\/wp-content\/uploads\/2020\/12\/5evento-stop-acc-600x450.jpeg 600w\" sizes=\"(max-width: 509px) 100vw, 509px\" \/> <img loading=\"lazy\" class=\"alignnone wp-image-849\" src=\"https:\/\/psicologiavial.com\/wp-content\/uploads\/2020\/12\/6-evento-stop-acc-scaled.jpg\" alt=\"\" width=\"165\" height=\"382\" srcset=\"https:\/\/psicologiavial.com\/wp-content\/uploads\/2020\/12\/6-evento-stop-acc-scaled.jpg 1106w, https:\/\/psicologiavial.com\/wp-content\/uploads\/2020\/12\/6-evento-stop-acc-130x300.jpg 130w, https:\/\/psicologiavial.com\/wp-content\/uploads\/2020\/12\/6-evento-stop-acc-442x1024.jpg 442w, https:\/\/psicologiavial.com\/wp-content\/uploads\/2020\/12\/6-evento-stop-acc-768x1777.jpg 768w, https:\/\/psicologiavial.com\/wp-content\/uploads\/2020\/12\/6-evento-stop-acc-664x1536.jpg 664w, https:\/\/psicologiavial.com\/wp-content\/uploads\/2020\/12\/6-evento-stop-acc-885x2048.jpg 885w, https:\/\/psicologiavial.com\/wp-content\/uploads\/2020\/12\/6-evento-stop-acc-600x1389.jpg 600w\" sizes=\"(max-width: 165px) 100vw, 165px\" \/> <img loading=\"lazy\" class=\"alignnone wp-image-850\" src=\"https:\/\/psicologiavial.com\/wp-content\/uploads\/2020\/12\/7-evento-stop-acc.jpg\" alt=\"\" width=\"505\" height=\"380\" srcset=\"https:\/\/psicologiavial.com\/wp-content\/uploads\/2020\/12\/7-evento-stop-acc.jpg 2048w, https:\/\/psicologiavial.com\/wp-content\/uploads\/2020\/12\/7-evento-stop-acc-300x225.jpg 300w, https:\/\/psicologiavial.com\/wp-content\/uploads\/2020\/12\/7-evento-stop-acc-1024x768.jpg 1024w, https:\/\/psicologiavial.com\/wp-content\/uploads\/2020\/12\/7-evento-stop-acc-768x576.jpg 768w, https:\/\/psicologiavial.com\/wp-content\/uploads\/2020\/12\/7-evento-stop-acc-1536x1152.jpg 1536w, https:\/\/psicologiavial.com\/wp-content\/uploads\/2020\/12\/7-evento-stop-acc-600x450.jpg 600w\" sizes=\"(max-width: 505px) 100vw, 505px\" \/> <img loading=\"lazy\" class=\"alignnone wp-image-851\" src=\"https:\/\/psicologiavial.com\/wp-content\/uploads\/2020\/12\/8-evento-stop-acc-scaled.jpg\" alt=\"\" width=\"386\" height=\"514\" srcset=\"https:\/\/psicologiavial.com\/wp-content\/uploads\/2020\/12\/8-evento-stop-acc-scaled.jpg 1922w, https:\/\/psicologiavial.com\/wp-content\/uploads\/2020\/12\/8-evento-stop-acc-225x300.jpg 225w, https:\/\/psicologiavial.com\/wp-content\/uploads\/2020\/12\/8-evento-stop-acc-769x1024.jpg 769w, https:\/\/psicologiavial.com\/wp-content\/uploads\/2020\/12\/8-evento-stop-acc-768x1023.jpg 768w, https:\/\/psicologiavial.com\/wp-content\/uploads\/2020\/12\/8-evento-stop-acc-1153x1536.jpg 1153w, https:\/\/psicologiavial.com\/wp-content\/uploads\/2020\/12\/8-evento-stop-acc-1537x2048.jpg 1537w, https:\/\/psicologiavial.com\/wp-content\/uploads\/2020\/12\/8-evento-stop-acc-600x799.jpg 600w\" sizes=\"(max-width: 386px) 100vw, 386px\" \/> <img loading=\"lazy\" class=\"alignnone wp-image-852\" src=\"https:\/\/psicologiavial.com\/wp-content\/uploads\/2020\/12\/9-eventos-stop-acc-scaled.jpg\" alt=\"\" width=\"433\" height=\"324\" srcset=\"https:\/\/psicologiavial.com\/wp-content\/uploads\/2020\/12\/9-eventos-stop-acc-scaled.jpg 2560w, https:\/\/psicologiavial.com\/wp-content\/uploads\/2020\/12\/9-eventos-stop-acc-300x225.jpg 300w, https:\/\/psicologiavial.com\/wp-content\/uploads\/2020\/12\/9-eventos-stop-acc-1024x768.jpg 1024w, https:\/\/psicologiavial.com\/wp-content\/uploads\/2020\/12\/9-eventos-stop-acc-768x576.jpg 768w, https:\/\/psicologiavial.com\/wp-content\/uploads\/2020\/12\/9-eventos-stop-acc-1536x1152.jpg 1536w, https:\/\/psicologiavial.com\/wp-content\/uploads\/2020\/12\/9-eventos-stop-acc-2048x1536.jpg 2048w, https:\/\/psicologiavial.com\/wp-content\/uploads\/2020\/12\/9-eventos-stop-acc-600x450.jpg 600w\" sizes=\"(max-width: 433px) 100vw, 433px\" \/> <img loading=\"lazy\" class=\"alignnone wp-image-853\" src=\"https:\/\/psicologiavial.com\/wp-content\/uploads\/2020\/12\/10-evento-stop-acc-scaled.jpg\" alt=\"\" width=\"576\" height=\"319\" srcset=\"https:\/\/psicologiavial.com\/wp-content\/uploads\/2020\/12\/10-evento-stop-acc-scaled.jpg 2560w, https:\/\/psicologiavial.com\/wp-content\/uploads\/2020\/12\/10-evento-stop-acc-300x166.jpg 300w, https:\/\/psicologiavial.com\/wp-content\/uploads\/2020\/12\/10-evento-stop-acc-1024x568.jpg 1024w, https:\/\/psicologiavial.com\/wp-content\/uploads\/2020\/12\/10-evento-stop-acc-768x426.jpg 768w, https:\/\/psicologiavial.com\/wp-content\/uploads\/2020\/12\/10-evento-stop-acc-1536x851.jpg 1536w, https:\/\/psicologiavial.com\/wp-content\/uploads\/2020\/12\/10-evento-stop-acc-2048x1135.jpg 2048w, https:\/\/psicologiavial.com\/wp-content\/uploads\/2020\/12\/10-evento-stop-acc-600x333.jpg 600w\" sizes=\"(max-width: 576px) 100vw, 576px\" \/><\/p>\n<p><a href=\"https:\/\/stopaccidentes.org\/uploads\/XIII_FORO_CONTRA_LA_VIOLENCIA_VIAL_2018\/XIV_FORO\/XIV_FORO_CONTRA_LA_VIOLENCIA_VIAL._PROGRAMA.pdf\"><strong>PROGRAMA<\/strong><\/a><\/p>\n<p>09:30 h. PRESENTACI\u00d3N DEL ACTO. Carlos Garc\u00eda-Hirschfeld. Periodista, director y presentador de Seguridad Vital de TVE1.<\/p>\n<p><strong>BIENVENIDA<\/strong><br \/>\n09:30 a 10 h.<\/p>\n<p>Isabel Goicoechea Aranguren Subsecretaria del Ministerio de Interior<br \/>\nCarlos Hern\u00e1ndez Claverie. Subsecretario del Ministerio Sanidad, Consumo y Bienestar Social.<br \/>\nBartolom\u00e9 Vargas. Fiscal de Sala de Seguridad Vial.<br \/>\nAna Novella. Presidenta Stop Accidentes.<\/p>\n<p><strong>DIAGN\u00d3STICO DE LA REALIDAD: HABITOS DE MOVILIDAD EN PERSONAS MAYORES<\/strong><\/p>\n<p>.- 10:00 h.\u00a0<a href=\"https:\/\/stopaccidentes.org\/uploads\/XIV_FORO\/01_2019_Jose_Farina_movilidad_mayores.pdf\"><strong>Urbanismo y movilidad en las personas mayores: la ciudad del peat\u00f3n<\/strong>.<\/a>\u00a0Jos\u00e9 Fari\u00f1a Tojo. Profesor Em\u00e9rito de Urban\u00edstica y Ordenaci\u00f3n del Territorio de la Escuela T\u00e9cnica Superior de Arquitectura de Madrid. Universidad Polit\u00e9cnica de Madrid.<br \/>\n.- 10:20 h.\u00a0<a href=\"https:\/\/stopaccidentes.org\/uploads\/XIV_FORO\/02_Rocio_Fernandez_STOP_ACCIDENTES.pdf\"><strong>Los nuevos mayores: perfiles, ocio y movilidad<\/strong><\/a>. Roc\u00edo Fern\u00e1ndez-Ballesteros Garc\u00eda, Profesora Em\u00e9rita Departamento Psicolog\u00eda biol\u00f3gica y de la Salud. Universidad Aut\u00f3noma de Madrid.<br \/>\n.- 10:40 h.<a href=\"https:\/\/stopaccidentes.org\/uploads\/XIV_FORO\/03_Presentacion_Mayores_STOP_AGomez.pdf\">\u00a0<strong>Incidencia de los mayores en la siniestralidad vial. Datos y estad\u00edsticas a nivel nacional.<\/strong><\/a>\u00a0\u00c1lvaro G\u00f3mez M\u00e9ndez. Director del Observatorio Nacional de Seguridad Vial de la DGT.<\/p>\n<p><strong>MECANISMOS DE PREVENCI\u00d3N<\/strong><\/p>\n<p>.- 11:30 h.\u00a0<a href=\"https:\/\/stopaccidentes.org\/uploads\/XIV_FORO\/04_Bonifacio_Martin_Presentacion_ASECEMP_STOP_ACCIDENTES.pdf\"><strong>Los centros de reconocimiento para conductores: Legislaci\u00f3n actual y funcionamiento. Perspectiva empresarial.\u00a0<\/strong><\/a>Bonifacio Mart\u00edn Escur\u00edn. Asociaci\u00f3n Espa\u00f1ola de Centros M\u00e9dico-Psicot\u00e9cnicos (ASECEMP)<br \/>\n..- 11:45 h.<em>\u00a0<\/em><a href=\"https:\/\/stopaccidentes.org\/uploads\/XIV_FORO\/05_Soledad_Justo_2019_11_05_movilidad_saludable_MSCBS_final.pdf\"><strong><em>Movilidad saludable: capacidad funcional y uso de f\u00e1rmacos Una perspectiva m\u00e9dica y psicol\u00f3gica<\/em><\/strong><\/a><strong><em>.\u00a0<\/em><\/strong>Soledad Justo. Responsable del \u00c1rea de Prevenci\u00f3n. Ministerio de Sanidad, Consumo y Bienestar Social.\u00a0<a href=\"https:\/\/stopaccidentes.org\/uploads\/XIV_FORO\/06_Nuria_MEDICAMENTOS_Y_CONDUCCION.pdf\">N<\/a><a href=\"https:\/\/stopaccidentes.org\/uploads\/XIV_FORO\/06_Nuria_MEDICAMENTOS_Y_CONDUCCION.pdf\">uria Gonz\u00e1lez Fern\u00e1ndez<\/a>.\u00a0Atenci\u00f3n Primaria de Salud. Consejer\u00eda de Sanidad Comunidad de Madrid.\u00a0<a href=\"https:\/\/stopaccidentes.org\/uploads\/XIV_FORO\/07_PresentacionCaminoCOP_psicologa_foroViolencia2019.pdf\">Camino Verdugo Reino<\/a><strong>.\u00a0<\/strong>Coordinadora de GT. Seguridad Vial del Colegio Oficial de Psic\u00f3logos de Madrid.<\/p>\n<p>.-12:30 h.\u00a0<a href=\"https:\/\/stopaccidentes.org\/uploads\/XIV_FORO\/09_0_MAYORES_GC_Javier_Molano_Madrid_05-nov-2019_vf.pdf\">\u00a0<em><strong>Los centros de reconocimiento para conductores: Perspectiva funcionamiento real.<\/strong><\/em><\/a> Francisco Javier Molano Mart\u00edn. Teniente Coronel Jefe del Sector de la Agrupaci\u00f3n de Tr\u00e1fico de la Guardia Civil de Galicia.<br \/>\n.-12:50 h.\u00a0\u00a0<a href=\"https:\/\/stopaccidentes.org\/uploads\/XIV_FORO\/10._FORO_MAYORES_2019.pdf\"><strong>Buenas Pr\u00e1cticas internacionales para la movilidad entre la poblaci\u00f3n mayor, en ciudades y entorno rural.<\/strong><\/a><strong>\u00a0<\/strong>Jeanne Picard. Cofundadora de Stop Accidentes, Delegada de Galicia y Presidenta de la Federaci\u00f3n Iberoamericana de Asociaciones de Victimas Contra la Violencia Vial (FICVI).<\/p>\n<p>.-13:10 h.<a href=\"https:\/\/stopaccidentes.org\/uploads\/XIV_FORO\/11_XIV_FORO_STOP_ACCIDENTES_-_CODIGO_PENAL.pdf\">\u00a0<strong>\u00bfFuncionar\u00e1 la reforma del C\u00f3digo Penal del 2019?<\/strong><\/a>\u00a0Jos\u00e9 P\u00e9rez Tirado. Asesor Jur\u00eddico de Stop Accidentes. Representante de las Asociaciones de V\u00edctimas en la Comisi\u00f3n del Baremo .<br \/>\n.-13:30 h.<a href=\"https:\/\/stopaccidentes.org\/uploads\/XIV_FORO\/12_ROBERTO_RAMOS,_JORNADA_MAYORES_STOP_ACCIDENTES.pdf\">\u00a0<strong>Los mayores como: conductores, peatones \u00bfcuales son sus riesgos? \u00bfSon evitables?\u00a0<\/strong><\/a>Roberto Ramos. Fundaci\u00f3n CNAE<br \/>\n.-13:50 h.\u00a0<strong>Propuestas de mejora de STOP ACCIDENTES: ver conclusiones\u00a0<\/strong>Ana Novella, Presidenta de STOP ACCIDENTES<\/p>\n<p><strong>CLAUSURA<\/strong><br \/>\nYolanda Fuentes Rodr\u00edguez. Directora General de Salud P\u00fablica<br \/>\nManuel Mart\u00ednez Domene. Director General del IMSERSO<br \/>\nPere Navarro. Director General deTr\u00e1fico<\/p>\n<p><strong>SE FINALIZAR\u00c1 CON UN COCTEL SIN ALCOHOL<\/strong><\/p>\n<p><img loading=\"lazy\" class=\"alignnone wp-image-844\" src=\"https:\/\/psicologiavial.com\/wp-content\/uploads\/2020\/12\/4eventos-stop-acc.png\" alt=\"\" width=\"748\" height=\"401\" srcset=\"https:\/\/psicologiavial.com\/wp-content\/uploads\/2020\/12\/4eventos-stop-acc.png 862w, https:\/\/psicologiavial.com\/wp-content\/uploads\/2020\/12\/4eventos-stop-acc-300x161.png 300w, https:\/\/psicologiavial.com\/wp-content\/uploads\/2020\/12\/4eventos-stop-acc-768x412.png 768w, https:\/\/psicologiavial.com\/wp-content\/uploads\/2020\/12\/4eventos-stop-acc-600x322.png 600w\" sizes=\"(max-width: 748px) 100vw, 748px\" \/> <img loading=\"lazy\" class=\"alignnone size-full wp-image-845\" src=\"https:\/\/psicologiavial.com\/wp-content\/uploads\/2020\/12\/3-evento-stop-acc.jpg\" alt=\"\" width=\"780\" height=\"1143\" srcset=\"https:\/\/psicologiavial.com\/wp-content\/uploads\/2020\/12\/3-evento-stop-acc.jpg 780w, https:\/\/psicologiavial.com\/wp-content\/uploads\/2020\/12\/3-evento-stop-acc-205x300.jpg 205w, https:\/\/psicologiavial.com\/wp-content\/uploads\/2020\/12\/3-evento-stop-acc-699x1024.jpg 699w, https:\/\/psicologiavial.com\/wp-content\/uploads\/2020\/12\/3-evento-stop-acc-768x1125.jpg 768w, https:\/\/psicologiavial.com\/wp-content\/uploads\/2020\/12\/3-evento-stop-acc-600x879.jpg 600w\" sizes=\"(max-width: 780px) 100vw, 780px\" \/> <img loading=\"lazy\" class=\"alignnone wp-image-846\" src=\"https:\/\/psicologiavial.com\/wp-content\/uploads\/2020\/12\/2-eventos-stop-acc.jpg\" alt=\"\" width=\"787\" height=\"468\" srcset=\"https:\/\/psicologiavial.com\/wp-content\/uploads\/2020\/12\/2-eventos-stop-acc.jpg 1080w, https:\/\/psicologiavial.com\/wp-content\/uploads\/2020\/12\/2-eventos-stop-acc-300x178.jpg 300w, https:\/\/psicologiavial.com\/wp-content\/uploads\/2020\/12\/2-eventos-stop-acc-1024x609.jpg 1024w, https:\/\/psicologiavial.com\/wp-content\/uploads\/2020\/12\/2-eventos-stop-acc-768x457.jpg 768w, https:\/\/psicologiavial.com\/wp-content\/uploads\/2020\/12\/2-eventos-stop-acc-600x357.jpg 600w\" sizes=\"(max-width: 787px) 100vw, 787px\" \/><\/p>\n<p><a href=\"https:\/\/stopaccidentes.org\/notas-de-prensas\/xiv-foro-contra-la-violencia-vial-movilidad-de-las-personas-mayores\/gmx-niv48-con1333.htm\">https:\/\/stopaccidentes.org\/notas-de-prensas\/xiv-foro-contra-la-violencia-vial-movilidad-de-las-personas-mayores\/gmx-niv48-con1333.htm<\/a><\/p>\n<p><a href=\"https:\/\/www.publico.es\/sociedad\/atropellos-peatones-mayores-vulnerables-accidentes-trafico.html\">https:\/\/www.publico.es\/sociedad\/atropellos-peatones-mayores-vulnerables-accidentes-trafico.html<\/a><\/p>\n<p>Partners:<\/p>\n<p><img loading=\"lazy\" class=\"alignnone size-full wp-image-854\" src=\"https:\/\/psicologiavial.com\/wp-content\/uploads\/2020\/12\/1-partner-evento-2-stop-acc.png\" alt=\"\" width=\"179\" height=\"89\" \/> <img loading=\"lazy\" class=\"alignnone size-full wp-image-855\" src=\"https:\/\/psicologiavial.com\/wp-content\/uploads\/2020\/12\/2-partner-evento-2-stop-acc.png\" alt=\"\" width=\"99\" height=\"46\" \/> <img loading=\"lazy\" class=\"alignnone size-full wp-image-856\" src=\"https:\/\/psicologiavial.com\/wp-content\/uploads\/2020\/12\/3-partner-evento-2-stop-acc.png\" alt=\"\" width=\"218\" height=\"99\" \/> <img loading=\"lazy\" class=\"alignnone size-full wp-image-857\" src=\"https:\/\/psicologiavial.com\/wp-content\/uploads\/2020\/12\/4-partner-evento-2-stop-acc.png\" alt=\"\" width=\"164\" height=\"84\" \/> <img loading=\"lazy\" class=\"alignnone size-full wp-image-858\" src=\"https:\/\/psicologiavial.com\/wp-content\/uploads\/2020\/12\/5-partner-evento-stop-acc.png\" alt=\"\" width=\"204\" height=\"71\" \/><\/p>\n","protected":false},"excerpt":{"rendered":"<div>\n<p><span style=\"color: #000000; font-family: Montserrat;\"><strong>Fecha<br \/>\n<\/strong><\/span>16 noviembre 2020<br \/>\n11:00 PM<\/p>\n<p><strong style=\"color: #000000; font-family: Montserrat;\">Lugar<br \/>\n<\/strong>Plaza de Santa Ana, Madrid<\/p>\n<\/div>\n","protected":false},"featured_media":842,"template":"","meta":[],"yoast_head":"<!-- This site is optimized with the Yoast SEO plugin v15.2.1 - https:\/\/yoast.com\/wordpress\/plugins\/seo\/ -->\n<title>05\/11\/2019: XIV Foro Contra la Violencia Vial - Psicolog\u00eda vial<\/title>\n<meta name=\"robots\" content=\"index, follow, max-snippet:-1, max-image-preview:large, max-video-preview:-1\" \/>\n<link rel=\"canonical\" href=\"https:\/\/psicologiavial.com\/index.php\/product\/05-11-2019-xiv-foro-contra-la-violencia-vial\/\" \/>\n<meta property=\"og:locale\" content=\"es_ES\" \/>\n<meta property=\"og:type\" content=\"article\" \/>\n<meta property=\"og:title\" content=\"05\/11\/2019: XIV Foro Contra la Violencia Vial - Psicolog\u00eda vial\" \/>\n<meta property=\"og:description\" content=\"Fecha 16 noviembre 2020 11:00 PM  Lugar Plaza de Santa Ana, Madrid\" \/>\n<meta property=\"og:url\" content=\"https:\/\/psicologiavial.com\/index.php\/product\/05-11-2019-xiv-foro-contra-la-violencia-vial\/\" \/>\n<meta property=\"og:site_name\" content=\"Psicolog\u00eda vial\" \/>\n<meta property=\"article:modified_time\" content=\"2020-12-14T07:39:57+00:00\" \/>\n<meta property=\"og:image\" content=\"https:\/\/psicologiavial.com\/wp-content\/uploads\/2020\/12\/1collage-evento-stop-acc-scaled.jpg\" \/>\n\t<meta property=\"og:image:width\" content=\"2560\" \/>\n\t<meta property=\"og:image:height\" content=\"2048\" \/>\n<meta name=\"twitter:card\" content=\"summary_large_image\" \/>\n<meta name=\"twitter:label1\" content=\"Escrito por\">\n\t<meta name=\"twitter:data1\" content=\"admin\">\n\t<meta name=\"twitter:label2\" content=\"Tiempo de lectura\">\n\t<meta name=\"twitter:data2\" content=\"3 minutos\">\n<script type=\"application\/ld+json\" class=\"yoast-schema-graph\">{\"@context\":\"https:\/\/schema.org\",\"@graph\":[{\"@type\":\"WebSite\",\"@id\":\"http:\/\/psicologiavial.com\/#website\",\"url\":\"http:\/\/psicologiavial.com\/\",\"name\":\"Psicolog\\u00eda vial\",\"description\":\"Conduce con Psicolog\\u00eda Vial\",\"potentialAction\":[{\"@type\":\"SearchAction\",\"target\":\"http:\/\/psicologiavial.com\/?s={search_term_string}\",\"query-input\":\"required name=search_term_string\"}],\"inLanguage\":\"es\"},{\"@type\":\"ImageObject\",\"@id\":\"https:\/\/psicologiavial.com\/index.php\/product\/05-11-2019-xiv-foro-contra-la-violencia-vial\/#primaryimage\",\"inLanguage\":\"es\",\"url\":\"https:\/\/psicologiavial.com\/wp-content\/uploads\/2020\/12\/1collage-evento-stop-acc-scaled.jpg\",\"width\":2560,\"height\":2048},{\"@type\":\"WebPage\",\"@id\":\"https:\/\/psicologiavial.com\/index.php\/product\/05-11-2019-xiv-foro-contra-la-violencia-vial\/#webpage\",\"url\":\"https:\/\/psicologiavial.com\/index.php\/product\/05-11-2019-xiv-foro-contra-la-violencia-vial\/\",\"name\":\"05\/11\/2019: XIV Foro Contra la Violencia Vial - Psicolog\\u00eda vial\",\"isPartOf\":{\"@id\":\"http:\/\/psicologiavial.com\/#website\"},\"primaryImageOfPage\":{\"@id\":\"https:\/\/psicologiavial.com\/index.php\/product\/05-11-2019-xiv-foro-contra-la-violencia-vial\/#primaryimage\"},\"datePublished\":\"2020-12-14T06:22:15+00:00\",\"dateModified\":\"2020-12-14T07:39:57+00:00\",\"inLanguage\":\"es\",\"potentialAction\":[{\"@type\":\"ReadAction\",\"target\":[\"https:\/\/psicologiavial.com\/index.php\/product\/05-11-2019-xiv-foro-contra-la-violencia-vial\/\"]}]}]}<\/script>\n<!-- \/ Yoast SEO plugin. -->","_links":{"self":[{"href":"https:\/\/psicologiavial.com\/index.php\/wp-json\/wp\/v2\/product\/811"}],"collection":[{"href":"https:\/\/psicologiavial.com\/index.php\/wp-json\/wp\/v2\/product"}],"about":[{"href":"https:\/\/psicologiavial.com\/index.php\/wp-json\/wp\/v2\/types\/product"}],"wp:featuredmedia":[{"embeddable":true,"href":"https:\/\/psicologiavial.com\/index.php\/wp-json\/wp\/v2\/media\/842"}],"wp:attachment":[{"href":"https:\/\/psicologiavial.com\/index.php\/wp-json\/wp\/v2\/media?parent=811"}],"curies":[{"name":"wp","href":"https:\/\/api.w.org\/{rel}","templated":true}]}}