{"id":888,"date":"2020-12-14T08:32:53","date_gmt":"2020-12-14T08:32:53","guid":{"rendered":"https:\/\/psicologiavial.com\/?page_id=888"},"modified":"2020-12-14T10:28:15","modified_gmt":"2020-12-14T10:28:15","slug":"programas","status":"publish","type":"page","link":"https:\/\/psicologiavial.com\/index.php\/programas\/","title":{"rendered":"Programas"},"content":{"rendered":"\t\t<div data-elementor-type=\"wp-page\" data-elementor-id=\"888\" class=\"elementor elementor-888\" data-elementor-settings=\"[]\">\n\t\t\t\t\t\t<div class=\"elementor-inner\">\n\t\t\t\t\t\t\t<div class=\"elementor-section-wrap\">\n\t\t\t\t\t\t\t<section class=\"elementor-section elementor-top-section elementor-element elementor-element-2bc77b1 elementor-section-boxed elementor-section-height-default elementor-section-height-default\" data-id=\"2bc77b1\" data-element_type=\"section\">\n\t\t\t\t\t\t<div class=\"elementor-container elementor-column-gap-wider\">\n\t\t\t\t\t\t\t<div class=\"elementor-row\">\n\t\t\t\t\t<div class=\"elementor-column elementor-col-50 elementor-top-column elementor-element elementor-element-e73382d\" data-id=\"e73382d\" data-element_type=\"column\">\n\t\t\t<div class=\"elementor-column-wrap elementor-element-populated\">\n\t\t\t\t\t\t\t<div class=\"elementor-widget-wrap\">\n\t\t\t\t\t\t<div class=\"elementor-element elementor-element-5f9c14a elementor-widget elementor-widget-heading\" data-id=\"5f9c14a\" data-element_type=\"widget\" data-widget_type=\"heading.default\">\n\t\t\t\t<div class=\"elementor-widget-container\">\n\t\t\t<h2 class=\"elementor-heading-title elementor-size-default\">\u00bfPrograma de qu\u00e9?<\/h2>\t\t<\/div>\n\t\t\t\t<\/div>\n\t\t\t\t<div class=\"elementor-element elementor-element-922e823 elementor-widget elementor-widget-text-editor\" data-id=\"922e823\" data-element_type=\"widget\" data-widget_type=\"text-editor.default\">\n\t\t\t\t<div class=\"elementor-widget-container\">\n\t\t\t\t\t<div class=\"elementor-text-editor elementor-clearfix\"><p>Ofrecemos programas de\u00a0<strong>entrenamiento psicol\u00f3gico.\u00a0<\/strong>Vamos m\u00e1s all\u00e1 de lo que puede ofrecer un\u00a0<strong>curso de formaci\u00f3n<\/strong>.<\/p><p><strong>Formarse<\/strong>\u00a0es adquirir (leer, o\u00edr) informaci\u00f3n y superar una prueba de evaluaci\u00f3n.<\/p><p><strong>Sensibilizarse<\/strong>\u00a0es tomar consciencia, despertar, darse cuenta, descubrir, sentir que, creer acerca de, &#8230;,<\/p><p>en definitiva se trata de abrir la puerta de golpe a un\u00a0<strong><em>cambio de actitud<\/em><\/strong><em>\u00a0concreto<\/em>\u00a0y estar dispuesto a entrenar un\u00a0<strong><em>cambio conductual<\/em><\/strong>.<\/p><p>Los programas de Psicolog\u00eda Vial est\u00e1n dise\u00f1ados para facilitar tu mejora en un contexto tan espec\u00edfico de tu vida<\/p><p>como es la conducci\u00f3n, haciendo que te<strong><em>\u00a0importe, vincule y comprometa<\/em><\/strong>\u00a0en una determinada y concreta direcci\u00f3n (<strong>plan de acci\u00f3n individualizado<\/strong>).<\/p><\/div>\n\t\t\t\t<\/div>\n\t\t\t\t<\/div>\n\t\t\t\t\t\t<\/div>\n\t\t\t\t\t<\/div>\n\t\t<\/div>\n\t\t\t\t<div class=\"elementor-column elementor-col-50 elementor-top-column elementor-element elementor-element-9a33577\" data-id=\"9a33577\" data-element_type=\"column\">\n\t\t\t<div class=\"elementor-column-wrap elementor-element-populated\">\n\t\t\t\t\t\t\t<div class=\"elementor-widget-wrap\">\n\t\t\t\t\t\t<div class=\"elementor-element elementor-element-a2931b4 elementor-widget elementor-widget-image\" data-id=\"a2931b4\" data-element_type=\"widget\" data-widget_type=\"image.default\">\n\t\t\t\t<div class=\"elementor-widget-container\">\n\t\t\t\t\t<div class=\"elementor-image\">\n\t\t\t\t\t\t\t\t\t\t<img width=\"820\" height=\"1024\" src=\"https:\/\/psicologiavial.com\/wp-content\/uploads\/2020\/12\/PROGRAMAS-psicologiavial_1-820x1024.png\" class=\"attachment-large size-large\" alt=\"\" loading=\"lazy\" srcset=\"https:\/\/psicologiavial.com\/wp-content\/uploads\/2020\/12\/PROGRAMAS-psicologiavial_1-820x1024.png 820w, https:\/\/psicologiavial.com\/wp-content\/uploads\/2020\/12\/PROGRAMAS-psicologiavial_1-240x300.png 240w, https:\/\/psicologiavial.com\/wp-content\/uploads\/2020\/12\/PROGRAMAS-psicologiavial_1-768x959.png 768w, https:\/\/psicologiavial.com\/wp-content\/uploads\/2020\/12\/PROGRAMAS-psicologiavial_1-600x749.png 600w, https:\/\/psicologiavial.com\/wp-content\/uploads\/2020\/12\/PROGRAMAS-psicologiavial_1.png 1025w\" sizes=\"(max-width: 820px) 100vw, 820px\" \/>\t\t\t\t\t\t\t\t\t\t\t<\/div>\n\t\t\t\t<\/div>\n\t\t\t\t<\/div>\n\t\t\t\t\t\t<\/div>\n\t\t\t\t\t<\/div>\n\t\t<\/div>\n\t\t\t\t\t\t\t\t<\/div>\n\t\t\t\t\t<\/div>\n\t\t<\/section>\n\t\t\t\t<section class=\"elementor-section elementor-top-section elementor-element elementor-element-e65e6c6 elementor-section-boxed elementor-section-height-default elementor-section-height-default\" data-id=\"e65e6c6\" data-element_type=\"section\">\n\t\t\t\t\t\t<div class=\"elementor-container elementor-column-gap-wider\">\n\t\t\t\t\t\t\t<div class=\"elementor-row\">\n\t\t\t\t\t<div class=\"elementor-column elementor-col-50 elementor-top-column elementor-element elementor-element-877ac78\" data-id=\"877ac78\" data-element_type=\"column\">\n\t\t\t<div class=\"elementor-column-wrap elementor-element-populated\">\n\t\t\t\t\t\t\t<div class=\"elementor-widget-wrap\">\n\t\t\t\t\t\t<div class=\"elementor-element elementor-element-ef8a365 elementor-widget elementor-widget-text-editor\" data-id=\"ef8a365\" data-element_type=\"widget\" data-widget_type=\"text-editor.default\">\n\t\t\t\t<div class=\"elementor-widget-container\">\n\t\t\t\t\t<div class=\"elementor-text-editor elementor-clearfix\"><p>Cambiar de forma de actuar es un entrenamiento. No se consigue de repente, requiere tu evoluci\u00f3n a trav\u00e9s de un\u00a0<strong>proceso<\/strong>.<\/p><p>Ofrecemos p\u00edldoras psicoeducativas intensivas, personalizadas a trav\u00e9s de las\u00a0<strong>sesiones individuales de coaching<\/strong>, que incluyen todos los programas y<\/p><p>que\u00a0<strong>mueven a la acci\u00f3n<\/strong>\u00a0desde un punto de vista pr\u00e1ctico.<\/p><p>Los programas que aqu\u00ed se ofrecen\u00a0<strong>no constituyen terapia psicol\u00f3gica ni evaluaci\u00f3n psicodiagn\u00f3stica*<\/strong>.\u00a0<\/p><p>Si se cumplen criterios susceptibles de trastorno cl\u00ednico, s\u00ed\u00a0pueden coadyuvar a una derivaci\u00f3n profesional especializada.<\/p><\/div>\n\t\t\t\t<\/div>\n\t\t\t\t<\/div>\n\t\t\t\t\t\t<\/div>\n\t\t\t\t\t<\/div>\n\t\t<\/div>\n\t\t\t\t<div class=\"elementor-column elementor-col-50 elementor-top-column elementor-element elementor-element-2720138\" data-id=\"2720138\" data-element_type=\"column\">\n\t\t\t<div class=\"elementor-column-wrap elementor-element-populated\">\n\t\t\t\t\t\t\t<div class=\"elementor-widget-wrap\">\n\t\t\t\t\t\t<div class=\"elementor-element elementor-element-9636bb4 elementor-widget elementor-widget-image\" data-id=\"9636bb4\" data-element_type=\"widget\" data-widget_type=\"image.default\">\n\t\t\t\t<div class=\"elementor-widget-container\">\n\t\t\t\t\t<div class=\"elementor-image\">\n\t\t\t\t\t\t\t\t\t\t<img width=\"1024\" height=\"1024\" src=\"https:\/\/psicologiavial.com\/wp-content\/uploads\/2020\/12\/PROGRAMASpsicologiavial_2-1024x1024.jpg\" class=\"attachment-large size-large\" alt=\"\" loading=\"lazy\" srcset=\"https:\/\/psicologiavial.com\/wp-content\/uploads\/2020\/12\/PROGRAMASpsicologiavial_2-1024x1024.jpg 1024w, https:\/\/psicologiavial.com\/wp-content\/uploads\/2020\/12\/PROGRAMASpsicologiavial_2-300x300.jpg 300w, https:\/\/psicologiavial.com\/wp-content\/uploads\/2020\/12\/PROGRAMASpsicologiavial_2-150x150.jpg 150w, https:\/\/psicologiavial.com\/wp-content\/uploads\/2020\/12\/PROGRAMASpsicologiavial_2-768x768.jpg 768w, https:\/\/psicologiavial.com\/wp-content\/uploads\/2020\/12\/PROGRAMASpsicologiavial_2-400x400.jpg 400w, https:\/\/psicologiavial.com\/wp-content\/uploads\/2020\/12\/PROGRAMASpsicologiavial_2-600x600.jpg 600w, https:\/\/psicologiavial.com\/wp-content\/uploads\/2020\/12\/PROGRAMASpsicologiavial_2-100x100.jpg 100w, https:\/\/psicologiavial.com\/wp-content\/uploads\/2020\/12\/PROGRAMASpsicologiavial_2.jpg 1280w\" sizes=\"(max-width: 1024px) 100vw, 1024px\" \/>\t\t\t\t\t\t\t\t\t\t\t<\/div>\n\t\t\t\t<\/div>\n\t\t\t\t<\/div>\n\t\t\t\t\t\t<\/div>\n\t\t\t\t\t<\/div>\n\t\t<\/div>\n\t\t\t\t\t\t\t\t<\/div>\n\t\t\t\t\t<\/div>\n\t\t<\/section>\n\t\t\t\t<section class=\"elementor-section elementor-top-section elementor-element elementor-element-9eec382 elementor-section-boxed elementor-section-height-default elementor-section-height-default\" data-id=\"9eec382\" data-element_type=\"section\">\n\t\t\t\t\t\t<div class=\"elementor-container elementor-column-gap-default\">\n\t\t\t\t\t\t\t<div class=\"elementor-row\">\n\t\t\t\t\t<div class=\"elementor-column elementor-col-100 elementor-top-column elementor-element elementor-element-374d275\" data-id=\"374d275\" data-element_type=\"column\">\n\t\t\t<div class=\"elementor-column-wrap elementor-element-populated\">\n\t\t\t\t\t\t\t<div class=\"elementor-widget-wrap\">\n\t\t\t\t\t\t<div class=\"elementor-element elementor-element-4614c05 elementor-products-columns-4 elementor-products-grid elementor-wc-products elementor-widget elementor-widget-woocommerce-products\" data-id=\"4614c05\" data-element_type=\"widget\" data-widget_type=\"woocommerce-products.default\">\n\t\t\t\t<div class=\"elementor-widget-container\">\n\t\t\t<div class=\"woocommerce columns-4 \"><ul class=\"products columns-4\">\n<li class=\"product type-product post-357 status-publish first instock product_cat-curso has-post-thumbnail sale sold-individually shipping-taxable purchasable product-type-variable\">\n\t<\/li>\n<li class=\"product type-product post-354 status-publish instock product_cat-curso has-post-thumbnail sale sold-individually shipping-taxable purchasable product-type-variable\">\n\t<\/li>\n<li class=\"product type-product post-350 status-publish instock product_cat-curso has-post-thumbnail sale sold-individually shipping-taxable purchasable product-type-variable\">\n\t<\/li>\n<li class=\"product type-product post-320 status-publish last instock product_cat-curso has-post-thumbnail sale sold-individually shipping-taxable purchasable product-type-variable\">\n\t<\/li>\n<\/ul>\n<\/div>\t\t<\/div>\n\t\t\t\t<\/div>\n\t\t\t\t\t\t<\/div>\n\t\t\t\t\t<\/div>\n\t\t<\/div>\n\t\t\t\t\t\t\t\t<\/div>\n\t\t\t\t\t<\/div>\n\t\t<\/section>\n\t\t\t\t<section class=\"elementor-section elementor-top-section elementor-element elementor-element-9c86ec5 elementor-section-boxed elementor-section-height-default elementor-section-height-default\" data-id=\"9c86ec5\" data-element_type=\"section\">\n\t\t\t\t\t\t<div class=\"elementor-container elementor-column-gap-default\">\n\t\t\t\t\t\t\t<div class=\"elementor-row\">\n\t\t\t\t\t<div class=\"elementor-column elementor-col-100 elementor-top-column elementor-element elementor-element-e8afc7c\" data-id=\"e8afc7c\" data-element_type=\"column\">\n\t\t\t<div class=\"elementor-column-wrap elementor-element-populated\">\n\t\t\t\t\t\t\t<div class=\"elementor-widget-wrap\">\n\t\t\t\t\t\t<div class=\"elementor-element elementor-element-1531bec elementor-widget elementor-widget-text-editor\" data-id=\"1531bec\" data-element_type=\"widget\" data-widget_type=\"text-editor.default\">\n\t\t\t\t<div class=\"elementor-widget-container\">\n\t\t\t\t\t<div class=\"elementor-text-editor elementor-clearfix\"><p><strong>*<\/strong><em>Al amparo de la<\/em><em> Ley 44\/2003, de 21 de noviembre, de Ordenaci\u00f3n de las Profesiones Sanitarias.\u00a0<\/em>Camino Verdugo Reino. Psic\u00f3loga colegiada n\u00ba M-18850.<\/p><\/div>\n\t\t\t\t<\/div>\n\t\t\t\t<\/div>\n\t\t\t\t\t\t<\/div>\n\t\t\t\t\t<\/div>\n\t\t<\/div>\n\t\t\t\t\t\t\t\t<\/div>\n\t\t\t\t\t<\/div>\n\t\t<\/section>\n\t\t\t\t\t\t<\/div>\n\t\t\t\t\t\t<\/div>\n\t\t\t\t\t<\/div>\n\t\t","protected":false},"excerpt":{"rendered":"<p>\u00bfPrograma de qu\u00e9? Ofrecemos programas de\u00a0entrenamiento psicol\u00f3gico.\u00a0Vamos m\u00e1s all\u00e1 de lo que puede ofrecer un\u00a0curso de formaci\u00f3n. Formarse\u00a0es adquirir (leer, o\u00edr) informaci\u00f3n y superar una prueba de evaluaci\u00f3n. Sensibilizarse\u00a0es tomar consciencia, despertar, darse cuenta, descubrir, sentir que, creer acerca de, &#8230;, en definitiva se trata de abrir la puerta de golpe a un\u00a0cambio de actitud\u00a0concreto\u00a0y &#8230; <a title=\"Programas\" class=\"read-more\" href=\"https:\/\/psicologiavial.com\/index.php\/programas\/\" aria-label=\"M\u00e1s en Programas\">Leer m\u00e1s<\/a><\/p>\n","protected":false},"author":1,"featured_media":0,"parent":0,"menu_order":0,"comment_status":"closed","ping_status":"closed","template":"elementor_header_footer","meta":[],"yoast_head":"<!-- This site is optimized with the Yoast SEO plugin v15.2.1 - https:\/\/yoast.com\/wordpress\/plugins\/seo\/ -->\n<title>Programas - Psicolog\u00eda vial<\/title>\n<meta name=\"robots\" content=\"index, follow, max-snippet:-1, max-image-preview:large, max-video-preview:-1\" \/>\n<link rel=\"canonical\" href=\"https:\/\/psicologiavial.com\/index.php\/programas\/\" \/>\n<meta property=\"og:locale\" content=\"es_ES\" \/>\n<meta property=\"og:type\" content=\"article\" \/>\n<meta property=\"og:title\" content=\"Programas - Psicolog\u00eda vial\" \/>\n<meta property=\"og:description\" content=\"\u00bfPrograma de qu\u00e9? Ofrecemos programas de\u00a0entrenamiento psicol\u00f3gico.\u00a0Vamos m\u00e1s all\u00e1 de lo que puede ofrecer un\u00a0curso de formaci\u00f3n. Formarse\u00a0es adquirir (leer, o\u00edr) informaci\u00f3n y superar una prueba de evaluaci\u00f3n. Sensibilizarse\u00a0es tomar consciencia, despertar, darse cuenta, descubrir, sentir que, creer acerca de, &#8230;, en definitiva se trata de abrir la puerta de golpe a un\u00a0cambio de actitud\u00a0concreto\u00a0y ... Leer m\u00e1s\" \/>\n<meta property=\"og:url\" content=\"https:\/\/psicologiavial.com\/index.php\/programas\/\" \/>\n<meta property=\"og:site_name\" content=\"Psicolog\u00eda vial\" \/>\n<meta property=\"article:modified_time\" content=\"2020-12-14T10:28:15+00:00\" \/>\n<meta property=\"og:image\" content=\"https:\/\/psicologiavial.com\/wp-content\/uploads\/2020\/12\/PROGRAMAS-psicologiavial_1-820x1024.png\" \/>\n<meta name=\"twitter:card\" content=\"summary_large_image\" \/>\n<meta name=\"twitter:label1\" content=\"Escrito por\">\n\t<meta name=\"twitter:data1\" content=\"admin\">\n\t<meta name=\"twitter:label2\" content=\"Tiempo de lectura\">\n\t<meta name=\"twitter:data2\" content=\"1 minuto\">\n<script type=\"application\/ld+json\" class=\"yoast-schema-graph\">{\"@context\":\"https:\/\/schema.org\",\"@graph\":[{\"@type\":\"WebSite\",\"@id\":\"http:\/\/psicologiavial.com\/#website\",\"url\":\"http:\/\/psicologiavial.com\/\",\"name\":\"Psicolog\\u00eda vial\",\"description\":\"Conduce con Psicolog\\u00eda Vial\",\"potentialAction\":[{\"@type\":\"SearchAction\",\"target\":\"http:\/\/psicologiavial.com\/?s={search_term_string}\",\"query-input\":\"required name=search_term_string\"}],\"inLanguage\":\"es\"},{\"@type\":\"ImageObject\",\"@id\":\"https:\/\/psicologiavial.com\/index.php\/programas\/#primaryimage\",\"inLanguage\":\"es\",\"url\":\"https:\/\/psicologiavial.com\/wp-content\/uploads\/2020\/12\/PROGRAMAS-psicologiavial_1.png\",\"width\":1025,\"height\":1280},{\"@type\":\"WebPage\",\"@id\":\"https:\/\/psicologiavial.com\/index.php\/programas\/#webpage\",\"url\":\"https:\/\/psicologiavial.com\/index.php\/programas\/\",\"name\":\"Programas - Psicolog\\u00eda vial\",\"isPartOf\":{\"@id\":\"http:\/\/psicologiavial.com\/#website\"},\"primaryImageOfPage\":{\"@id\":\"https:\/\/psicologiavial.com\/index.php\/programas\/#primaryimage\"},\"datePublished\":\"2020-12-14T08:32:53+00:00\",\"dateModified\":\"2020-12-14T10:28:15+00:00\",\"inLanguage\":\"es\",\"potentialAction\":[{\"@type\":\"ReadAction\",\"target\":[\"https:\/\/psicologiavial.com\/index.php\/programas\/\"]}]}]}<\/script>\n<!-- \/ Yoast SEO plugin. -->","_links":{"self":[{"href":"https:\/\/psicologiavial.com\/index.php\/wp-json\/wp\/v2\/pages\/888"}],"collection":[{"href":"https:\/\/psicologiavial.com\/index.php\/wp-json\/wp\/v2\/pages"}],"about":[{"href":"https:\/\/psicologiavial.com\/index.php\/wp-json\/wp\/v2\/types\/page"}],"author":[{"embeddable":true,"href":"https:\/\/psicologiavial.com\/index.php\/wp-json\/wp\/v2\/users\/1"}],"replies":[{"embeddable":true,"href":"https:\/\/psicologiavial.com\/index.php\/wp-json\/wp\/v2\/comments?post=888"}],"version-history":[{"count":10,"href":"https:\/\/psicologiavial.com\/index.php\/wp-json\/wp\/v2\/pages\/888\/revisions"}],"predecessor-version":[{"id":909,"href":"https:\/\/psicologiavial.com\/index.php\/wp-json\/wp\/v2\/pages\/888\/revisions\/909"}],"wp:attachment":[{"href":"https:\/\/psicologiavial.com\/index.php\/wp-json\/wp\/v2\/media?parent=888"}],"curies":[{"name":"wp","href":"https:\/\/api.w.org\/{rel}","templated":true}]}}